 + 4*j - 7. Let r be w(f). What is the units digit of -3 - r/((-14)/(-20))?
7
Let l = -367 - -1496. Suppose 0 = h - 3*g - 298, 4*h - l = 5*g + 77. What is the hundreds digit of h?
3
Suppose -w + 193 + 385 = 0. Let u = w - 384. What is the hundreds digit of u?
1
Let a(o) = o**2. Let m be a(0). What is the units digit of (-1 - 4)*((-162)/10 + m)?
1
Let a(v) = -212*v**3 + v**2 + 5*v + 4. What is the units digit of a(-1)?
2
Let c(a) = a**2 + 5*a - 4. Let g be c(-6). Suppose 24*h = 69 + 171. What is the units digit of 2 + h + 6/g?
5
Let o be (-8)/3 - 8/(-12). Let y(v) = 0*v**2 + 151 + 4*v**2 + 2*v - 149 + 3*v**2. What is the units digit of y(o)?
6
Let r(k) = 521*k - 301. What is the units digit of r(4)?
3
Let r(u) = -u**3 + 9*u**2 - 6*u - 7. Let m be r(8). Suppose 7 - 1 = -3*w - y, -4*y + 12 = 0. Let g = m - w. What is the units digit of g?
2
Suppose 0 = -2*x + 81 + 477. Suppose 19*y + x = 22*y. What is the tens digit of y?
9
Let x = -2 - -4. Let h(y) = -2*y**2 + 3*y. Let q be h(x). What is the tens digit of q*((-98)/4 - -1)?
4
Let y(k) = k**2 + 12*k - 7. Let u(p) = 3*p - 9. Let n be u(6). Suppose 0 = 6*c - n*c - 42. What is the tens digit of y(c)?
2
Let o(w) be the first derivative of -7*w**2/2 - 12*w + 1. What is the tens digit of o(-9)?
5
Let z(l) = -l**3 + 2*l**2 + 2*l + 3. Let v = 45 - 48. What is the tens digit of z(v)?
4
Suppose 0*j = -j + 1. Let r be j/(-1)*-179 - 1. Suppose 0 = 5*h - z - r, -4*h - 3*z + 105 + 45 = 0. What is the tens digit of h?
3
Let a(x) = -x - 5. Let g be a(-5). Suppose -5*i + 2*r + 239 = 0, -10 = -g*r + 5*r. What is the tens digit of i?
4
Let j(p) = p**2 + 6*p + 3. Let q be j(5). Suppose -k - 28 + q = 0. What is the tens digit of k?
3
Let t be 492/(4 + 0) + -3. Let w = -96 - -26. Let i = t + w. What is the units digit of i?
0
Let a be (-84)/20*(-5)/1. Let g(z) = z**2 + 13*z + 2. Let f be g(-12). Let n = a + f. What is the tens digit of n?
1
Let u(f) = -f**2 + 5*f + 2. Let o be u(7). Let j be (11 + o)/((-1)/17). Suppose j = -x + 45. What is the tens digit of x?
2
Let j(q) = 2*q. Let x be j(6). Let t(k) = -k + 15. Let r be t(x). Suppose r*u + 2*c = 4 + 22, -5*c = -4*u + 73. What is the tens digit of u?
1
Suppose -5*j - 538 = -3*p, 0 = -p + j - 5*j + 185. Let y(i) = -i**2 - 101*i**3 + 0*i**2 + p*i**3. What is the units digit of y(1)?
9
Let t = -34 + 36. Let q be (-14)/(-4)*t - 3. Suppose r - 69 = -0*f - 2*f, q*f = -r + 63. What is the tens digit of r?
7
Let w = -2 - -4. Let j be (-128)/(-320)*94*(-15)/(-12). Suppose 4*q - 104 = -4*o, w*q + o + 2*o - j = 0. What is the tens digit of q?
3
Let k be ((-44)/(-66))/(2/6*-1). What is the hundreds digit of 13/(104/1980) + 1/k?
2
Let y(p) = -p**3 + 9*p**2 - 9*p + 12. Let r be y(8). Suppose 2*b - r*l + 159 = 3*b, 2*b - 338 = -4*l. What is the units digit of b?
9
Let j be (-11)/(-5) + 3/(-15). Suppose 4*n - j*t - 2*t - 432 = 0, -4*n - 2*t = -450. What is the hundreds digit of n?
1
Let o = -17 + 24. Suppose j = o*j - 222. What is the units digit of j?
7
Let s = -37 + 50. Let d be ((-9)/(-6))/(1/4). Let x = s + d. What is the units digit of x?
9
Let l be 0 + -3 - ((-10)/5 + 2). Let t(q) = -24*q + 18. What is the tens digit of t(l)?
9
Let f(a) = -12*a**2 + 2 + 3*a - 2 + 5 - a**3. Let z be f(-12). Let u = z + 54. What is the tens digit of u?
2
Suppose 0 = -5*y + 15566 - 3656. What is the tens digit of y?
8
Let w = 183 + -123. Suppose -w = -3*o - 15. What is the tens digit of o?
1
Suppose 0 = v - 63 - 526. What is the hundreds digit of v?
5
Suppose 0 = 3*s - 9 - 6. Suppose -4*a - 28 = 4*u + 160, -s*u - a = 215. Let x = u + 66. What is the tens digit of x?
2
Let q be (1 - (-4)/(-8)) + (-35)/(-2). What is the tens digit of (24/q)/((-89)/(-87) + -1)?
5
Suppose -6*u + 165 = -87. Let b = -36 + u. What is the units digit of b?
6
What is the hundreds digit of 3*((-1692)/(-27) - 0)?
1
Let w(h) be the first derivative of 2*h**3/3 + 10*h**2 - 25*h - 9. What is the units digit of w(-13)?
3
Suppose 60*g - 44118 = -1338. What is the hundreds digit of g?
7
Let v(l) = -2*l**2 - 7*l + 2. Let z be v(-8). What is the units digit of (56/z)/(0 - 2/145)?
8
Suppose -51 = -x - 4*t, 7*x - 2*t + 120 = 9*x. What is the tens digit of x?
6
Let t = -12 + -47. Let a = t + 39. Let x = a - -25. What is the units digit of x?
5
Let k = -1400 + 3199. What is the tens digit of k?
9
Suppose 0 = 2*r + 6, 6*x - 21418 = x - 4*r. What is the tens digit of x?
8
Suppose -1564 = -5*b + 1331. What is the hundreds digit of b?
5
Let k(f) = 2*f**2 - 13*f - 1. Let j be k(-9). Let o = j - 172. What is the units digit of o?
6
Suppose -5*d = -6*d - b, -21 = -2*d + 5*b. Let u be 0 + (-3)/(0 - 1). Suppose -u*l = -d*a + a + 20, a = l + 9. What is the units digit of a?
7
Let r = 28 - 27. What is the tens digit of 1/(-4) + 162/8 + r?
2
Suppose 5*c = 5, -5*c = 11*p - 6*p - 5355. What is the thousands digit of p?
1
Suppose -10*c - 86 = 34. What is the tens digit of ((-93)/2 - -1)*c/7?
7
Suppose -69*r = -63*r - 5868. What is the units digit of r?
8
Suppose f + f = -2*z + 754, 3*z + f - 1121 = 0. What is the tens digit of z?
7
Let i be 8/10*20/4. Suppose -b + 45 = i*b. Let n = 42 - b. What is the tens digit of n?
3
Let l = 190 - -436. What is the tens digit of l?
2
Suppose -2*k - 3*q + 76 = 2*k, 92 = 4*k - q. Suppose -17*b + k*b - 455 = 0. What is the units digit of b?
1
Let k(f) = -f**3 - 6*f**2 - 4*f + 9. Let q be k(-5). Suppose 154 = q*p - 318. What is the units digit of p?
8
What is the tens digit of (-90688)/(-384) + (-1)/6?
3
Suppose -9*p + 8*p + 996 = 0. Suppose 14*u - p = 2*u. What is the tens digit of u?
8
Suppose -5*k = b - 30 + 10, -k = -b - 4. Let f = 7 - 7. Suppose f = -i - 4, b*i = -s + 4*i + 76. What is the units digit of s?
0
Let i = 31 + 15. Suppose -i*l = -39*l - 616. What is the tens digit of l?
8
Suppose 15 = -5*b - 2*n, -3*b - n = -6*b + 2. Suppose -l = 1 + 3. Let d = b - l. What is the units digit of d?
3
Suppose -5*o - 2*y + 55 + 3 = 0, 50 = 4*o - 2*y. Let f be (6/(-2))/((-6)/(-20)). Let z = o - f. What is the units digit of z?
2
What is the tens digit of ((-1)/(-1))/(5/715)?
4
Suppose -d - 2*s + 76 = -3*s, -4*s = -2*d + 144. Suppose 4*a - d = 80. What is the units digit of a?
0
Let h(m) = 193*m + 87. What is the tens digit of h(3)?
6
Let j(k) = k**3 + 15*k**2 - 16*k + 2. Let f = -33 - -17. Let x be j(f). Suppose 0 = 5*c - 0*n - x*n - 92, 50 = 3*c + 4*n. What is the units digit of c?
8
Suppose w + 3*v = 241, 2*w - 27*v - 482 = -24*v. What is the hundreds digit of w?
2
Suppose -4116 = -3*g - 3*r, 14*g - 2*r + 4120 = 17*g. What is the hundreds digit of g?
3
Let s(r) be the second derivative of r**7/630 - r**6/360 - r**5/30 + r**4/6 + 2*r. Let h(x) be the third derivative of s(x). What is the units digit of h(3)?
6
Let x(s) = s**3 + 8*s**2 - 10*s - 6. Let b be x(-9). Suppose 16 = b*g + 22. What is the units digit of 82/3 - g/3?
8
Suppose m - 116 = -5*t + 2*m, -t + 20 = -m. Suppose -t = 11*j - 15*j. What is the units digit of j?
6
Let k = 16 + -14. Suppose 0 = -5*m - k*i + 26, -2*i = m + m - 14. Suppose -m*f + 37 = 3*s, 33 = 4*f - f + 4*s. What is the units digit of f?
7
Let u = -91 + 94. Suppose 4*t - z - 3*z = 1200, -u*z = 3. What is the units digit of t?
9
Suppose -2*s + 515 + 481 = 0. What is the tens digit of s?
9
Let x = 92 + -72. Let l = 225 - x. What is the hundreds digit of l?
2
Suppose 0 = -2*w + 4*w, 4*h - 1816 = 2*w. Suppose -h = -3*m - 5*p, -p + 5 = 3. What is the units digit of m?
8
Let u = -27 - -29. Suppose 0 = 4*x - 3*s - 481, -u*x + 484 = 2*x - 4*s. What is the hundreds digit of x?
1
Suppose 0*r - 2 = -2*r, 224 = 5*i - r. Suppose 0*c - 3 = -c. Suppose -u + 6*u + c*y - 231 = 0, -y = u - i. What is the tens digit of u?
4
Let c = 151 + -148. What is the units digit of ((-90)/c - -5)/(-1)?
5
What is the hundreds digit of (-19 - -861)/(4/6)?
2
What is the tens digit of (-1100974)/(-722) - (-6)/57?
2
Let z(g) = -g**3 + 6*g**2 - 2*g + 11. Let m(l) = -l. Let r(a) = -a + 13. Let t(c) = -2*m(c) + r(c). Let f be t(-8). What is the tens digit of z(f)?
2
What is the units digit of ((-3)/(15/67))/(3/(-15))?
7
Let d be -3 - (-484)/((-16)/4). Let p = d + 188. What is the tens digit of p?
6
Suppose 19*c = -7*c + 7202. What is the hundreds digit of c?
2
Suppose 5*t - 5636 = -l, -t + l + 580 + 552 = 0. What is the tens digit